 is the remainder when 7035 is divided by 25?
10
What is the remainder when 7647 is divided by 44?
35
What is the remainder when 24029 is divided by 776?
749
Calculate the remainder when 4098 is divided by 30.
18
Calculate the remainder when 23282 is divided by 228.
26
Calculate the remainder when 260604 is divided by 220.
124
Calculate the remainder when 1495964 is divided by 747980.
4
What is the remainder when 67 is divided by 14?
11
What is the remainder when 96157 is divided by 255?
22
What is the remainder when 97034 is divided by 17?
15
Calculate the remainder when 195674 is divided by 75.
74
Calculate the remainder when 233328 is divided by 41.
38
What is the remainder when 10216 is divided by 1127?
73
Calculate the remainder when 96079 is divided by 247.
243
What is the remainder when 508640 is divided by 23?
18
Calculate the remainder when 28231 is divided by 912.
871
Calculate the remainder when 1877 is divided by 574.
155
Calculate the remainder when 142105 is divided by 10147.
47
What is the remainder when 128105 is divided by 32025?
5
Calculate the remainder when 14883 is divided by 240.
3
Calculate the remainder when 12762 is divided by 2548.
22
What is the remainder when 21076 is divided by 9?
7
Calculate the remainder when 138095 is divided by 23014.
11
Calculate the remainder when 2121 is divided by 870.
381
Calculate the remainder when 663 is divided by 104.
39
Calculate the remainder when 31711 is divided by 10542.
85
What is the remainder when 40588 is divided by 37?
36
What is the remainder when 1178 is divided by 53?
12
What is the remainder when 99466 is divided by 17?
16
Calculate the remainder when 6260 is divided by 3056.
148
Calculate the remainder when 251936 is divided by 442.
438
Calculate the remainder when 5611 is divided by 700.
11
Calculate the remainder when 1647396 is divided by 157.
152
Calculate the remainder when 1466 is divided by 175.
66
Calculate the remainder when 527238 is divided by 849.
9
Calculate the remainder when 160 is divided by 37.
12
Calculate the remainder when 3847 is divided by 1796.
255
Calculate the remainder when 505 is divided by 18.
1
Calculate the remainder when 12696 is divided by 156.
60
Calculate the remainder when 635 is divided by 230.
175
Calculate the remainder when 39185 is divided by 19558.
69
What is the remainder when 159059 is divided by 674?
669
What is the remainder when 29520 is divided by 29512?
8
Calculate the remainder when 3141 is divided by 41.
25
What is the remainder when 1630 is divided by 360?
190
Calculate the remainder when 8833 is divided by 4348.
137
What is the remainder when 43657 is divided by 22?
9
What is the remainder when 15749 is divided by 5173?
230
What is the remainder when 731606 is divided by 461?
460
What is the remainder when 625527 is divided by 107?
5
What is the remainder when 1178 is divided by 339?
161
What is the remainder when 1789 is divided by 359?
353
What is the remainder when 206405 is divided by 600?
5
Calculate the remainder when 22530 is divided by 395.
15
What is the remainder when 1195 is divided by 449?
297
Calculate the remainder when 14032 is divided by 4221.
1369
What is the remainder when 147452 is divided by 147439?
13
What is the remainder when 93541 is divided by 46617?
307
Calculate the remainder when 34799 is divided by 444.
167
Calculate the remainder when 92102 is divided by 1166.
1154
What is the remainder when 1287 is divided by 442?
403
Calculate the remainder when 37854 is divided by 74.
40
Calculate the remainder when 65030 is divided by 216.
14
Calculate the remainder when 4121 is divided by 485.
241
What is the remainder when 47066 is divided by 114?
98
What is the remainder when 171929 is divided by 34342?
219
What is the remainder when 650 is divided by 53?
14
What is the remainder when 501452 is divided by 314?
308
What is the remainder when 809 is divided by 389?
31
Calculate the remainder when 741195 is divided by 262.
259
What is the remainder when 38105 is divided by 522?
521
Calculate the remainder when 19469 is divided by 158.
35
Calculate the remainder when 164713 is divided by 150.
13
Calculate the remainder when 2033 is divided by 1006.
21
Calculate the remainder when 2790 is divided by 2790.
0
Calculate the remainder when 1009 is divided by 497.
15
What is the remainder when 49886 is divided by 875?
11
What is the remainder when 32420 is divided by 259?
45
What is the remainder when 40270 is divided by 13095?
985
What is the remainder when 311049 is divided by 77?
46
Calculate the remainder when 10781 is divided by 10747.
34
What is the remainder when 1989985 is divided by 52?
49
What is the remainder when 305272 is divided by 12?
4
Calculate the remainder when 357719 is divided by 238.
5
What is the remainder when 301709 is divided by 218?
215
What is the remainder when 2427 is divided by 263?
60
Calculate the remainder when 175876 is divided by 113.
48
What is the remainder when 576 is divided by 203?
170
Calculate the remainder when 86976 is divided by 879.
834
What is the remainder when 13721 is divided by 6831?
59
What is the remainder when 1506430 is divided by 199?
0
What is the remainder when 83887 is divided by 145?
77
Calculate the remainder when 4196368 is divided by 69.
64
Calculate the remainder when 2730 is divided by 44.
2
What is the remainder when 27248 is divided by 41?
24
Calculate the remainder when 77254 is divided by 255.
244
Calculate the remainder when 4973 is divided by 274.
41
Calculate the remainder when 15761 is divided by 1719.
290
What is the remainder when 6597 is divided by 110?
107
Calculate the remainder when 80882 is divided by 325.
282
Calculate the remainder when 7057 is divided by 3209.
639
Calculate the remainder when 12528 is divided by 141.
120
What is the remainder when 11986 is divided by 10?
6
Calculate the remainder when 560730 is divided by 48.
42
What is the remainder when 3052936 is divided by 110?
106
Calculate the remainder when 1248 is divided by 5.
3
Calculate the remainder when 13268 is divided by 1035.
848
What is the remainder when 46903 is divided by 4688?
23
What is the remainder when 28423 is divided by 65?
18
What is the remainder when 1357586 is divided by 767?
763
What is the remainder when 81124 is divided by 184?
164
What is the remainder when 52318 is divided by 1540?
1498
Calculate the remainder when 4153 is divided by 2074.
5
What is the remainder when 55771 is divided by 27?
16
Calculate the remainder when 258356 is divided by 73.
9
What is the remainder when 7006 is divided by 16?
14
Calculate the remainder when 192714 is divided by 83.
71
Calculate the remainder when 1225 is divided by 456.
313
Calculate the remainder when 15074 is divided by 77.
59
What is the remainder when 21360 is divided by 308?
108
Calculate the remainder when 2375 is divided by 12.
11
What is the remainder when 104060 is divided by 119?
54
What is the remainder when 4992 is divided by 37?
34
Calculate the remainder when 3901 is divided by 712.
341
Calculate the remainder when 9851 is divided by 54.
23
Calculate the remainder when 34247 is divided by 137.
134
Calculate the remainder when 349 is divided by 348.
1
Calculate the remainder when 155041 is divided by 25833.
43
Calculate the remainder when 4370 is divided by 61.
39
Calculate the remainder when 18650057 is divided by 715.
712
Calculate the remainder when 12128 is divided by 1124.
888
Calculate the remainder when 1194982 is divided by 31.
25
What is the remainder when 1815 is divided by 601?
12
What is the remainder when 262094 is divided by 505?
504
What is the remainder when 2531 is divided by 1265?
1
Calculate the remainder when 406822 is divided by 153.
148
What is the remainder when 5572 is divided by 372?
364
What is the remainder when 337989 is divided by 146?
145
What is the remainder when 1271607 is divided by 263?
2
Calculate the remainder when 57657 is divided by 10.
7
What is the remainder when 31995 is divided by 145?
95
What is the remainder when 244 is divided by 34?
6
Calculate the remainder when 306 is divided by 198.
108
What is the remainder when 560 is divided by 436?
124
Calculate the remainder when 155359 is divided by 38839.
3
What is the remainder when 12530 is di